rime factors of 4939368.
2, 3, 7, 29401
List the prime factors of 197750.
2, 5, 7, 113
What are the prime factors of 80501?
79, 1019
What are the prime factors of 557930?
2, 5, 55793
List the prime factors of 9342670.
2, 5, 41, 22787
What are the prime factors of 1897885?
5, 11, 3137
What are the prime factors of 47063?
19, 2477
What are the prime factors of 10440478?
2, 5220239
List the prime factors of 626765.
5, 125353
What are the prime factors of 26043289?
137, 190097
List the prime factors of 7525953.
3, 30971
What are the prime factors of 4071360?
2, 3, 5, 4241
List the prime factors of 591520.
2, 5, 3697
What are the prime factors of 6426593?
6426593
List the prime factors of 269890.
2, 5, 137, 197
List the prime factors of 876352.
2, 13693
List the prime factors of 86890.
2, 5, 8689
List the prime factors of 4807843.
173, 27791
What are the prime factors of 168740?
2, 5, 11, 13, 59
List the prime factors of 135305.
5, 27061
List the prime factors of 13431010.
2, 5, 251, 5351
What are the prime factors of 181936?
2, 83, 137
What are the prime factors of 202673?
19, 10667
List the prime factors of 3600530.
2, 5, 360053
List the prime factors of 1983218.
2, 883, 1123
What are the prime factors of 8781187?
211, 41617
What are the prime factors of 34725753?
3, 89, 4817
List the prime factors of 2810486.
2, 7, 367, 547
List the prime factors of 6660943.
6660943
What are the prime factors of 1078868?
2, 7, 53, 727
List the prime factors of 9397944.
2, 3, 14503
What are the prime factors of 205647?
3, 13, 5273
List the prime factors of 87810.
2, 3, 5, 2927
What are the prime factors of 3670656?
2, 3, 11, 79
What are the prime factors of 275861?
19, 14519
What are the prime factors of 4889832?
2, 3, 73, 2791
List the prime factors of 731937.
3, 19, 12841
What are the prime factors of 17914129?
17914129
What are the prime factors of 1077257?
83, 12979
What are the prime factors of 325225?
5, 13009
List the prime factors of 65680.
2, 5, 821
List the prime factors of 21538331.
163, 132137
What are the prime factors of 1819539?
3, 41, 4931
List the prime factors of 145353.
3, 13, 3727
List the prime factors of 1876048.
2, 37, 3169
What are the prime factors of 2935631?
1621, 1811
List the prime factors of 27075123.
3, 3008347
List the prime factors of 7063474.
2, 11, 31, 10357
List the prime factors of 123032.
2, 7, 13
List the prime factors of 94645.
5, 23, 823
List the prime factors of 62765.
5, 12553
What are the prime factors of 7783750?
2, 5, 13, 479
What are the prime factors of 5730639?
3, 101, 18913
List the prime factors of 270123.
3, 7, 19, 677
What are the prime factors of 27391?
7, 13, 43
What are the prime factors of 3173263?
3173263
What are the prime factors of 23799289?
31, 443, 1733
What are the prime factors of 98641?
98641
List the prime factors of 437297.
7, 179, 349
What are the prime factors of 99983?
13, 7691
What are the prime factors of 5540659?
5540659
What are the prime factors of 44323?
127, 349
What are the prime factors of 443265?
3, 5, 29, 1019
What are the prime factors of 4229068?
2, 41, 107, 241
List the prime factors of 815802.
2, 3, 13, 10459
List the prime factors of 12885833.
83, 155251
List the prime factors of 98320.
2, 5, 1229
What are the prime factors of 4249377?
3, 11, 42923
List the prime factors of 4002973.
13, 17, 59, 307
List the prime factors of 576204.
2, 3, 48017
What are the prime factors of 2893841?
109, 139, 191
What are the prime factors of 49394?
2, 24697
List the prime factors of 1618154.
2, 19, 97, 439
What are the prime factors of 2422105?
5, 7, 69203
List the prime factors of 92559.
3, 30853
List the prime factors of 186805.
5, 37361
List the prime factors of 2103309.
3, 13, 17977
What are the prime factors of 67048?
2, 17, 29
List the prime factors of 2306250.
2, 3, 5, 41
What are the prime factors of 16843008?
2, 3, 7, 13, 241
What are the prime factors of 1578026?
2, 19, 131, 317
What are the prime factors of 7329983?
59, 283, 439
What are the prime factors of 1952177?
421, 4637
What are the prime factors of 50690?
2, 5, 37, 137
What are the prime factors of 886837?
7, 126691
List the prime factors of 299871.
3, 11, 13, 233
List the prime factors of 285515.
5, 17, 3359
List the prime factors of 5292955.
5, 1058591
List the prime factors of 1379415.
3, 5, 91961
List the prime factors of 466054.
2, 31, 7517
List the prime factors of 113922.
2, 3, 6329
List the prime factors of 865203.
3, 19, 43, 353
What are the prime factors of 580445?
5, 116089
What are the prime factors of 18454562?
2, 7, 1318183
What are the prime factors of 1340615?
5, 268123
What are the prime factors of 4819249?
29, 137, 1213
What are the prime factors of 651156?
2, 3, 11, 4933
What are the prime factors of 1329251?
7, 11, 61, 283
What are the prime factors of 278374?
2, 139187
List the prime factors of 1042828.
2, 53, 4919
List the prime factors of 15228943.
15228943
List the prime factors of 10094498.
2, 17, 337, 881
What are the prime factors of 727644?
2, 3, 60637
What are the prime factors of 101181?
3, 29, 1163
List the prime factors of 333214.
2, 7, 23801
What are the prime factors of 7101921?
3, 487, 4861
What are the prime factors of 356523?
3, 23, 5167
List the prime factors of 13388782.
2, 11, 608581
What are the prime factors of 3601595?
5, 720319
List the prime factors of 540887.
61, 8867
List the prime factors of 4136805.
3, 5, 30643
What are the prime factors of 169212?
2, 3, 59, 239
List the prime factors of 1804079.
1804079
List the prime factors of 474064.
2, 29629
What are the prime factors of 19993866?
2, 3, 631, 5281
What are the prime factors of 171369?
3, 11, 577
What are the prime factors of 407839?
313, 1303
List the prime factors of 2258937.
3, 250993
List the prime factors of 341950.
2, 5, 7, 977
What are the prime factors of 167152?
2, 31, 337
List the prime factors of 230934.
2, 3, 11, 3499
What are the prime factors of 226912?
2, 7, 1013
What are the prime factors of 444688?
2, 27793
What are the prime factors of 2073196?
2, 518299
List the prime factors of 3003.
3, 7, 11, 13
List the prime factors of 1117691.
163, 6857
What are the prime factors of 113349?
3, 37783
List the prime factors of 2778959.
19, 37, 59, 67
What are the prime factors of 47962?
2, 23981
List the prime factors of 8288024.
2, 1036003
What are the prime factors of 298917?
3, 11071
What are the prime factors of 2545022?
2, 179, 7109
What are the prime factors of 9294457?
2203, 4219
What are the prime factors of 22981709?
22981709
List the prime factors of 6256225.
5, 19, 13171
What are the prime factors of 450054?
2, 3, 11, 2273
What are the prime factors of 268412?
2, 67103
What are the prime factors of 348444?
2, 3, 9679
What are the prime factors of 1838678?
2, 37, 24847
List the prime factors of 7360025.
5, 83, 3547
What are the prime factors of 475166?
2, 193, 1231
List the prime factors of 57857.
47, 1231
List the prime factors of 223226.
2, 239, 467
What are the prime factors of 11122157?
1759, 6323
What are the prime factors of 407087?
79, 5153
What are the prime factors of 1393289?
19, 73331
What are the prime factors of 546894?
2, 3, 23, 1321
What are the prime factors of 3427329?
3, 31, 137, 269
List the prime factors of 63639.
3, 2357
List the prime factors of 83622.
2, 3, 7, 11, 181
What are the prime factors of 1756025?
5, 70241
List the prime factors of 2164886.
2, 1082443
What are the prime factors of 756865?
5, 19, 31, 257
List the prime factors of 139749.
3, 37, 1259
List the prime factors of 20545451.
79, 139, 1871
What are the prime factors of 169378?
2, 11, 7699
What are the prime factors of 482238?
2, 3, 73, 367
List the prime factors of 1632054.
2, 3, 272009
What are the prime factors of 3170308?
2, 31, 37, 691
What are the prime factors of 870645?
3, 5, 58043
What are the prime factors of 506051?
7, 13, 67, 83
What are the prime factors of 2082377?
11, 189307
What are the prime factors of 435568?
2, 7, 3889
What are the prime factors of 1428500?
2, 5, 2857
What are the prime factors of 2110326?
2, 3, 547, 643
What are the prime factors of 12224607?
3, 4074869
What are the prime factors of 540973?
347, 1559
What are the prime factors of 2424240?
2, 3, 5, 7, 13, 37
What are the prime fact